{"id":447,"date":"2024-03-08T00:50:07","date_gmt":"2024-03-07T22:50:07","guid":{"rendered":"https:\/\/stalla.ee\/pood\/?page_id=447"},"modified":"2024-03-08T00:57:10","modified_gmt":"2024-03-07T22:57:10","slug":"ostu-ja-muugitingimused","status":"publish","type":"page","link":"https:\/\/stalla.ee\/pood\/ostu-ja-muugitingimused\/","title":{"rendered":"Ostu- ja m\u00fc\u00fcgitingimused"},"content":{"rendered":"\t\t<div data-elementor-type=\"wp-page\" data-elementor-id=\"447\" class=\"elementor elementor-447\" data-elementor-post-type=\"page\">\n\t\t\t\t<div class=\"elementor-element elementor-element-ec54ecc e-flex e-con-boxed e-con e-parent\" data-id=\"ec54ecc\" data-element_type=\"container\">\n\t\t\t\t\t<div class=\"e-con-inner\">\n\t\t\t\t<div class=\"elementor-element elementor-element-698f4d7 color-scheme-inherit text-left elementor-widget elementor-widget-text-editor\" data-id=\"698f4d7\" data-element_type=\"widget\" data-widget_type=\"text-editor.default\">\n\t\t\t\t<div class=\"elementor-widget-container\">\n\t\t\t\t\t\t\t\t\t<p><strong>Ostu- ja m\u00fc\u00fcgitingimused<\/strong><\/p><p><strong>1. \u00dclds\u00e4tted<\/strong><\/p><p>K\u00e4esolevad ostu- ja m\u00fc\u00fcgitingimused kehtivad veebisaidil stalla.ee (edaspidi &#8220;Veebisait&#8221;) aset leidvatele ostu-m\u00fc\u00fcgitehingutele Stalla O\u00dc (registrikood: 16217888), aadressil Tondi 1, Tallinn, 11313, Eesti, edaspidi &#8220;M\u00fc\u00fcja&#8221;, ja veebisaidi kasutajate, edaspidi &#8220;Ostja&#8221;, vahel.<\/p><p><strong>2. Tooteinfo ja hinnad<\/strong><\/p><p>K\u00f5ik Veebisaidil kuvatavad tooted ja hinnad on informatiivse t\u00e4hendusega. Hinnad on esitatud eurodes ja sisaldavad kohaldatavat k\u00e4ibemaksu. M\u00fc\u00fcja j\u00e4tab endale \u00f5iguse teha tooteinfo ja hindades muudatusi ilma eelneva teateta.<\/p><p><strong>3. Tellimuse vormistamine ja maksmine<\/strong><\/p><p>Ostja vormistab tellimuse, lisades soovitud tooted ostukorvi ja esitades M\u00fc\u00fcjale vajalikud andmed tellimuse t\u00f6\u00f6tlemiseks. Tellimuse eest saab tasuda l\u00e4bi Montonio pangamakse lahenduste v\u00f5i muude Veebisaidil pakutavate makseviiside abil. Tellimuse kinnitamisega kinnitab Ostja, et on tutvunud ostu- ja m\u00fc\u00fcgitingimustega ning n\u00f5ustub nendega.<\/p><p><strong>4. Kauba kohaletoimetamine<\/strong><\/p><p>Kauba kohaletoimetamise tingimused, sealhulgas tarneaeg ja -kulud, tehakse Ostjale teatavaks tellimuse vormistamise protsessis. M\u00fc\u00fcja ei vastuta kauba kohaletoimetamise viibimise eest, mis on p\u00f5hjustatud Ostja poolt esitatud ebat\u00e4psetest andmetest v\u00f5i muudest asjaoludest, mis on Ostja kontrolli alt v\u00e4ljas.<\/p><p><strong>5. Taganemis\u00f5igus<\/strong><\/p><p>Ostjal on \u00f5igus lepingust taganeda 14 p\u00e4eva jooksul alates kauba k\u00e4ttesaamisest, teatades sellest M\u00fc\u00fcjale kirjalikult koos tagastatava kauba tagastamise p\u00f5hjusega. Tagastatav kaup peab olema kasutamata ja originaalpakendis. Tagastamisega seotud kulud kannab Ostja, v\u00e4lja arvatud juhul, kui tagastamise p\u00f5hjuseks on mittevastavus tellitule.<\/p><p><strong>6. Isikuandmete t\u00f6\u00f6tlemine<\/strong><\/p><p>Ostja poolt tellimuse vormistamisel esitatud isikuandmeid t\u00f6\u00f6deldakse vastavalt Veebisaidi privaatsuspoliitikale. Isikuandmeid kasutatakse ainult tellimuse t\u00f6\u00f6tlemiseks ja t\u00e4itmiseks ning M\u00fc\u00fcja poolt pakutavate teenuste osutamiseks.<\/p><p><strong>7. Vaidluste lahendamine<\/strong><\/p><p>K\u00f5ik Ostja ja M\u00fc\u00fcja vahelised erimeelsused p\u00fc\u00fctakse lahendada l\u00e4bir\u00e4\u00e4kimiste teel. Kui kokkulepet ei saavutata, on Ostjal \u00f5igus p\u00f6\u00f6rduda oma \u00f5iguste kaitseks Tarbijakaitseametisse v\u00f5i kohtusse.<\/p><p>M\u00fc\u00fcja kontaktandmed on j\u00e4rgmised: Stalla O\u00dc, e-post: <a target=\"_new\">stalla@stalla.ee<\/a>.<\/p>\t\t\t\t\t\t\t\t<\/div>\n\t\t\t\t<\/div>\n\t\t\t\t\t<\/div>\n\t\t\t\t<\/div>\n\t\t\t\t<\/div>\n\t\t","protected":false},"excerpt":{"rendered":"<p>Ostu- ja m\u00fc\u00fcgitingimused 1. \u00dclds\u00e4tted K\u00e4esolevad ostu- ja m\u00fc\u00fcgitingimused kehtivad veebisaidil stalla.ee (edaspidi &#8220;Veebisait&#8221;) aset leidvatele ostu-m\u00fc\u00fcgitehingutele Stalla O\u00dc (registrikood:<\/p>\n","protected":false},"author":1,"featured_media":0,"parent":0,"menu_order":0,"comment_status":"closed","ping_status":"closed","template":"","meta":{"footnotes":""},"class_list":["post-447","page","type-page","status-publish","hentry","_wholesalex wsx-wholesalex-product"],"yoast_head":"<!-- This site is optimized with the Yoast SEO plugin v24.5 - https:\/\/yoast.com\/wordpress\/plugins\/seo\/ -->\n<title>Ostu- ja m\u00fc\u00fcgitingimused | Stalla e-pood<\/title>\n<meta name=\"robots\" content=\"index, follow, max-snippet:-1, max-image-preview:large, max-video-preview:-1\" \/>\n<link rel=\"canonical\" href=\"https:\/\/stalla.ee\/pood\/ostu-ja-muugitingimused\/\" \/>\n<meta property=\"og:locale\" content=\"et_EE\" \/>\n<meta property=\"og:type\" content=\"article\" \/>\n<meta property=\"og:title\" content=\"Ostu- ja m\u00fc\u00fcgitingimused | Stalla e-pood\" \/>\n<meta property=\"og:description\" content=\"Ostu- ja m\u00fc\u00fcgitingimused 1. \u00dclds\u00e4tted K\u00e4esolevad ostu- ja m\u00fc\u00fcgitingimused kehtivad veebisaidil stalla.ee (edaspidi &#8220;Veebisait&#8221;) aset leidvatele ostu-m\u00fc\u00fcgitehingutele Stalla O\u00dc (registrikood:\" \/>\n<meta property=\"og:url\" content=\"https:\/\/stalla.ee\/pood\/ostu-ja-muugitingimused\/\" \/>\n<meta property=\"og:site_name\" content=\"Stalla e-pood\" \/>\n<meta property=\"article:publisher\" content=\"https:\/\/www.facebook.com\/stalla.eesti\" \/>\n<meta property=\"article:modified_time\" content=\"2024-03-07T22:57:10+00:00\" \/>\n<meta property=\"og:image\" content=\"https:\/\/stalla.ee\/pood\/wp-content\/uploads\/2024\/03\/stalla-25-of-168-scaled-1.jpg\" \/>\n\t<meta property=\"og:image:width\" content=\"2560\" \/>\n\t<meta property=\"og:image:height\" content=\"1707\" \/>\n\t<meta property=\"og:image:type\" content=\"image\/jpeg\" \/>\n<meta name=\"twitter:card\" content=\"summary_large_image\" \/>\n<meta name=\"twitter:label1\" content=\"Est. reading time\" \/>\n\t<meta name=\"twitter:data1\" content=\"1 minut\" \/>\n<script type=\"application\/ld+json\" class=\"yoast-schema-graph\">{\"@context\":\"https:\/\/schema.org\",\"@graph\":[{\"@type\":\"WebPage\",\"@id\":\"https:\/\/stalla.ee\/pood\/ostu-ja-muugitingimused\/\",\"url\":\"https:\/\/stalla.ee\/pood\/ostu-ja-muugitingimused\/\",\"name\":\"Ostu- ja m\u00fc\u00fcgitingimused | Stalla e-pood\",\"isPartOf\":{\"@id\":\"https:\/\/stalla.ee\/pood\/#website\"},\"datePublished\":\"2024-03-07T22:50:07+00:00\",\"dateModified\":\"2024-03-07T22:57:10+00:00\",\"breadcrumb\":{\"@id\":\"https:\/\/stalla.ee\/pood\/ostu-ja-muugitingimused\/#breadcrumb\"},\"inLanguage\":\"et\",\"potentialAction\":[{\"@type\":\"ReadAction\",\"target\":[\"https:\/\/stalla.ee\/pood\/ostu-ja-muugitingimused\/\"]}]},{\"@type\":\"BreadcrumbList\",\"@id\":\"https:\/\/stalla.ee\/pood\/ostu-ja-muugitingimused\/#breadcrumb\",\"itemListElement\":[{\"@type\":\"ListItem\",\"position\":1,\"name\":\"Esileht\",\"item\":\"https:\/\/stalla.ee\/pood\/\"},{\"@type\":\"ListItem\",\"position\":2,\"name\":\"Ostu- ja m\u00fc\u00fcgitingimused\"}]},{\"@type\":\"WebSite\",\"@id\":\"https:\/\/stalla.ee\/pood\/#website\",\"url\":\"https:\/\/stalla.ee\/pood\/\",\"name\":\"Stalla e-pood\",\"description\":\"Pinnat\u00f6\u00f6tlus, salongi ja v\u00e4lihooldustarvikud\",\"publisher\":{\"@id\":\"https:\/\/stalla.ee\/pood\/#organization\"},\"potentialAction\":[{\"@type\":\"SearchAction\",\"target\":{\"@type\":\"EntryPoint\",\"urlTemplate\":\"https:\/\/stalla.ee\/pood\/?s={search_term_string}\"},\"query-input\":{\"@type\":\"PropertyValueSpecification\",\"valueRequired\":true,\"valueName\":\"search_term_string\"}}],\"inLanguage\":\"et\"},{\"@type\":\"Organization\",\"@id\":\"https:\/\/stalla.ee\/pood\/#organization\",\"name\":\"Stalla O\u00dc\",\"url\":\"https:\/\/stalla.ee\/pood\/\",\"logo\":{\"@type\":\"ImageObject\",\"inLanguage\":\"et\",\"@id\":\"https:\/\/stalla.ee\/pood\/#\/schema\/logo\/image\/\",\"url\":\"https:\/\/stalla.ee\/pood\/wp-content\/uploads\/2024\/03\/Stalla_logo_ikoon_must.png\",\"contentUrl\":\"https:\/\/stalla.ee\/pood\/wp-content\/uploads\/2024\/03\/Stalla_logo_ikoon_must.png\",\"width\":1200,\"height\":1092,\"caption\":\"Stalla O\u00dc\"},\"image\":{\"@id\":\"https:\/\/stalla.ee\/pood\/#\/schema\/logo\/image\/\"},\"sameAs\":[\"https:\/\/www.facebook.com\/stalla.eesti\"]}]}<\/script>\n<!-- \/ Yoast SEO plugin. -->","yoast_head_json":{"title":"Ostu- ja m\u00fc\u00fcgitingimused | Stalla e-pood","robots":{"index":"index","follow":"follow","max-snippet":"max-snippet:-1","max-image-preview":"max-image-preview:large","max-video-preview":"max-video-preview:-1"},"canonical":"https:\/\/stalla.ee\/pood\/ostu-ja-muugitingimused\/","og_locale":"et_EE","og_type":"article","og_title":"Ostu- ja m\u00fc\u00fcgitingimused | Stalla e-pood","og_description":"Ostu- ja m\u00fc\u00fcgitingimused 1. \u00dclds\u00e4tted K\u00e4esolevad ostu- ja m\u00fc\u00fcgitingimused kehtivad veebisaidil stalla.ee (edaspidi &#8220;Veebisait&#8221;) aset leidvatele ostu-m\u00fc\u00fcgitehingutele Stalla O\u00dc (registrikood:","og_url":"https:\/\/stalla.ee\/pood\/ostu-ja-muugitingimused\/","og_site_name":"Stalla e-pood","article_publisher":"https:\/\/www.facebook.com\/stalla.eesti","article_modified_time":"2024-03-07T22:57:10+00:00","og_image":[{"width":2560,"height":1707,"url":"https:\/\/stalla.ee\/pood\/wp-content\/uploads\/2024\/03\/stalla-25-of-168-scaled-1.jpg","type":"image\/jpeg"}],"twitter_card":"summary_large_image","twitter_misc":{"Est. reading time":"1 minut"},"schema":{"@context":"https:\/\/schema.org","@graph":[{"@type":"WebPage","@id":"https:\/\/stalla.ee\/pood\/ostu-ja-muugitingimused\/","url":"https:\/\/stalla.ee\/pood\/ostu-ja-muugitingimused\/","name":"Ostu- ja m\u00fc\u00fcgitingimused | Stalla e-pood","isPartOf":{"@id":"https:\/\/stalla.ee\/pood\/#website"},"datePublished":"2024-03-07T22:50:07+00:00","dateModified":"2024-03-07T22:57:10+00:00","breadcrumb":{"@id":"https:\/\/stalla.ee\/pood\/ostu-ja-muugitingimused\/#breadcrumb"},"inLanguage":"et","potentialAction":[{"@type":"ReadAction","target":["https:\/\/stalla.ee\/pood\/ostu-ja-muugitingimused\/"]}]},{"@type":"BreadcrumbList","@id":"https:\/\/stalla.ee\/pood\/ostu-ja-muugitingimused\/#breadcrumb","itemListElement":[{"@type":"ListItem","position":1,"name":"Esileht","item":"https:\/\/stalla.ee\/pood\/"},{"@type":"ListItem","position":2,"name":"Ostu- ja m\u00fc\u00fcgitingimused"}]},{"@type":"WebSite","@id":"https:\/\/stalla.ee\/pood\/#website","url":"https:\/\/stalla.ee\/pood\/","name":"Stalla e-pood","description":"Pinnat\u00f6\u00f6tlus, salongi ja v\u00e4lihooldustarvikud","publisher":{"@id":"https:\/\/stalla.ee\/pood\/#organization"},"potentialAction":[{"@type":"SearchAction","target":{"@type":"EntryPoint","urlTemplate":"https:\/\/stalla.ee\/pood\/?s={search_term_string}"},"query-input":{"@type":"PropertyValueSpecification","valueRequired":true,"valueName":"search_term_string"}}],"inLanguage":"et"},{"@type":"Organization","@id":"https:\/\/stalla.ee\/pood\/#organization","name":"Stalla O\u00dc","url":"https:\/\/stalla.ee\/pood\/","logo":{"@type":"ImageObject","inLanguage":"et","@id":"https:\/\/stalla.ee\/pood\/#\/schema\/logo\/image\/","url":"https:\/\/stalla.ee\/pood\/wp-content\/uploads\/2024\/03\/Stalla_logo_ikoon_must.png","contentUrl":"https:\/\/stalla.ee\/pood\/wp-content\/uploads\/2024\/03\/Stalla_logo_ikoon_must.png","width":1200,"height":1092,"caption":"Stalla O\u00dc"},"image":{"@id":"https:\/\/stalla.ee\/pood\/#\/schema\/logo\/image\/"},"sameAs":["https:\/\/www.facebook.com\/stalla.eesti"]}]}},"_links":{"self":[{"href":"https:\/\/stalla.ee\/pood\/wp-json\/wp\/v2\/pages\/447","targetHints":{"allow":["GET"]}}],"collection":[{"href":"https:\/\/stalla.ee\/pood\/wp-json\/wp\/v2\/pages"}],"about":[{"href":"https:\/\/stalla.ee\/pood\/wp-json\/wp\/v2\/types\/page"}],"author":[{"embeddable":true,"href":"https:\/\/stalla.ee\/pood\/wp-json\/wp\/v2\/users\/1"}],"replies":[{"embeddable":true,"href":"https:\/\/stalla.ee\/pood\/wp-json\/wp\/v2\/comments?post=447"}],"version-history":[{"count":4,"href":"https:\/\/stalla.ee\/pood\/wp-json\/wp\/v2\/pages\/447\/revisions"}],"predecessor-version":[{"id":454,"href":"https:\/\/stalla.ee\/pood\/wp-json\/wp\/v2\/pages\/447\/revisions\/454"}],"wp:attachment":[{"href":"https:\/\/stalla.ee\/pood\/wp-json\/wp\/v2\/media?parent=447"}],"curies":[{"name":"wp","href":"https:\/\/api.w.org\/{rel}","templated":true}]}}